{"id":190,"date":"2019-06-03T10:47:51","date_gmt":"2019-06-03T16:47:51","guid":{"rendered":"https:\/\/ugit.siua.ac.cr\/?page_id=190"},"modified":"2019-06-03T11:02:49","modified_gmt":"2019-06-03T17:02:49","slug":"contacto","status":"publish","type":"page","link":"https:\/\/sada.services\/?page_id=190","title":{"rendered":"Cont\u00e1ctenos"},"content":{"rendered":"\n<p>Si desea ponerse en contacto con nosotros puede completar el siguiente formulario<\/p>\n\n\n<p>[wpforms id=\u00bb189&#8243;]<\/p>\n\n\n\n<h2 class=\"has-primary-color wp-block-heading\">Escr\u00edbanos 24\/7<\/h2>\n\n\n\n<p><strong>Correo:<\/strong> <a href=\"mailto:interuniversitariadelajuela@gmail.com\">interuniversitariadelajuela@gmail.com<\/a><\/p>\n\n\n\n<h2 class=\"has-primary-color wp-block-heading\">Necesita hablar con un asesor<\/h2>\n\n\n\n<p><strong>Tel\u00e9fonos:<\/strong> 2441-7247 \/ 2440-1752<\/p>\n\n\n\n<p><strong>Horario: <\/strong>8:00 a.m. a 5:00pm de Lunes a S\u00e1bado<\/p>\n\n\n\n<h2 class=\"has-primary-color wp-block-heading\">Encu\u00e9ntrenos Aqu\u00ed<\/h2>\n\n\n\n<p>Pabell\u00f3n \u00abC\u00bb, Espacio C-23 segundo piso.<\/p>\n","protected":false},"excerpt":{"rendered":"<p>Si desea ponerse en contacto con nosotros puede completar el siguiente formulario Escr\u00edbanos 24\/7 Correo: interuniversitariadelajuela@gmail.com Necesita hablar con un asesor Tel\u00e9fonos: 2441-7247 \/ 2440-1752 Horario: 8:00 a.m. a 5:00pm de Lunes a S\u00e1bado Encu\u00e9ntrenos Aqu\u00ed Pabell\u00f3n \u00abC\u00bb, Espacio C-23 segundo piso.<\/p>\n","protected":false},"author":1,"featured_media":0,"parent":0,"menu_order":0,"comment_status":"closed","ping_status":"closed","template":"","meta":{"footnotes":""},"class_list":["post-190","page","type-page","status-publish","hentry"],"blocksy_meta":{"styles_descriptor":{"styles":{"desktop":"","tablet":"","mobile":""},"google_fonts":[],"version":6}},"_links":{"self":[{"href":"https:\/\/sada.services\/index.php?rest_route=\/wp\/v2\/pages\/190","targetHints":{"allow":["GET"]}}],"collection":[{"href":"https:\/\/sada.services\/index.php?rest_route=\/wp\/v2\/pages"}],"about":[{"href":"https:\/\/sada.services\/index.php?rest_route=\/wp\/v2\/types\/page"}],"author":[{"embeddable":true,"href":"https:\/\/sada.services\/index.php?rest_route=\/wp\/v2\/users\/1"}],"replies":[{"embeddable":true,"href":"https:\/\/sada.services\/index.php?rest_route=%2Fwp%2Fv2%2Fcomments&post=190"}],"version-history":[{"count":5,"href":"https:\/\/sada.services\/index.php?rest_route=\/wp\/v2\/pages\/190\/revisions"}],"predecessor-version":[{"id":200,"href":"https:\/\/sada.services\/index.php?rest_route=\/wp\/v2\/pages\/190\/revisions\/200"}],"wp:attachment":[{"href":"https:\/\/sada.services\/index.php?rest_route=%2Fwp%2Fv2%2Fmedia&parent=190"}],"curies":[{"name":"wp","href":"https:\/\/api.w.org\/{rel}","templated":true}]}}