{"id":201,"date":"2019-06-03T11:03:55","date_gmt":"2019-06-03T17:03:55","guid":{"rendered":"https:\/\/ugit.siua.ac.cr\/?page_id=201"},"modified":"2022-06-27T14:56:24","modified_gmt":"2022-06-27T20:56:24","slug":"acerca-de-la-ugit","status":"publish","type":"page","link":"https:\/\/sada.services\/?page_id=201","title":{"rendered":"Acerca de la UGIT"},"content":{"rendered":"\t\t<div data-elementor-type=\"wp-page\" data-elementor-id=\"201\" class=\"elementor elementor-201\" data-elementor-settings=\"{&quot;ha_cmc_init_switcher&quot;:&quot;no&quot;}\">\n\t\t\t\t\t\t<section class=\"elementor-section elementor-top-section elementor-element elementor-element-66fb4e6 elementor-section-boxed elementor-section-height-default elementor-section-height-default jltma-glass-effect-no\" data-id=\"66fb4e6\" data-element_type=\"section\" data-e-type=\"section\" data-settings=\"{&quot;_ha_eqh_enable&quot;:false}\">\n\t\t\t\t\t\t<div class=\"elementor-container elementor-column-gap-default\">\n\t\t\t\t\t<div class=\"elementor-column elementor-col-100 elementor-top-column elementor-element elementor-element-b29c26f jltma-glass-effect-no\" data-id=\"b29c26f\" data-element_type=\"column\" data-e-type=\"column\">\n\t\t\t<div class=\"elementor-widget-wrap elementor-element-populated\">\n\t\t\t\t\t\t<div class=\"elementor-element elementor-element-bbc47bf jltma-glass-effect-no elementor-widget elementor-widget-image\" data-id=\"bbc47bf\" data-element_type=\"widget\" data-e-type=\"widget\" data-widget_type=\"image.default\">\n\t\t\t\t<div class=\"elementor-widget-container\">\n\t\t\t\t\t\t\t\t\t\t\t\t\t\t\t<img fetchpriority=\"high\" decoding=\"async\" width=\"300\" height=\"232\" src=\"https:\/\/sada.services\/wp-content\/uploads\/2022\/06\/ugit_svg-300x232.png\" class=\"attachment-medium size-medium wp-image-10934\" alt=\"\" srcset=\"https:\/\/sada.services\/wp-content\/uploads\/2022\/06\/ugit_svg-300x232.png 300w, https:\/\/sada.services\/wp-content\/uploads\/2022\/06\/ugit_svg-1024x791.png 1024w, https:\/\/sada.services\/wp-content\/uploads\/2022\/06\/ugit_svg-768x593.png 768w, https:\/\/sada.services\/wp-content\/uploads\/2022\/06\/ugit_svg-1536x1187.png 1536w, https:\/\/sada.services\/wp-content\/uploads\/2022\/06\/ugit_svg-2048x1583.png 2048w\" sizes=\"(max-width: 300px) 100vw, 300px\" \/>\t\t\t\t\t\t\t\t\t\t\t\t\t\t\t<\/div>\n\t\t\t\t<\/div>\n\t\t\t\t\t<\/div>\n\t\t<\/div>\n\t\t\t\t\t<\/div>\n\t\t<\/section>\n\t\t\t\t<section class=\"elementor-section elementor-top-section elementor-element elementor-element-264b08a8 elementor-section-boxed elementor-section-height-default elementor-section-height-default jltma-glass-effect-no\" data-id=\"264b08a8\" data-element_type=\"section\" data-e-type=\"section\" data-settings=\"{&quot;_ha_eqh_enable&quot;:false}\">\n\t\t\t\t\t\t<div class=\"elementor-container elementor-column-gap-default\">\n\t\t\t\t\t<div class=\"elementor-column elementor-col-100 elementor-top-column elementor-element elementor-element-4b4ede7c jltma-glass-effect-no\" data-id=\"4b4ede7c\" data-element_type=\"column\" data-e-type=\"column\">\n\t\t\t<div class=\"elementor-widget-wrap elementor-element-populated\">\n\t\t\t\t\t\t<div class=\"elementor-element elementor-element-65f24364 jltma-glass-effect-no elementor-widget elementor-widget-text-editor\" data-id=\"65f24364\" data-element_type=\"widget\" data-e-type=\"widget\" data-widget_type=\"text-editor.default\">\n\t\t\t\t<div class=\"elementor-widget-container\">\n\t\t\t\t\t\t\t\t\t<p><\/p>\n<h2 class=\"has-primary-color wp-block-heading\">SECCI\u00d3N I: ANTECEDENTES<\/h2>\n<p><\/p>\n<p><\/p>\n<p class=\"justify\">El 06 de marzo de 2007, conforme al acuerdo del Consejo Nacional de Rectores (de ahora en adelante mencionado como CONARE) No. 07-07, surge la SIUA en el contexto de la creaci\u00f3n del \u201cR\u00e9gimen de Sede Interuniversitarias de la Educaci\u00f3n Superior Universitaria Estatal de Costa Rica\u201d, as\u00ed en julio del 2009 la Escuela de Inform\u00e1tica de la Universidad Nacional asigna recursos para colocar un personal inform\u00e1tico que atendiese las necesidades de soporte t\u00e9cnico a los laboratorios de inform\u00e1tica ubicados para ese entonces en el Centro Universitario de la UNED en Alajuela. Seguido a esto en el 2010 el recinto de las SIUA se traslada al edificio de Plaza del Este donde realmente se le da un nuevo concepto de Sede Interuniversitaria, se comienza a ampliar la cantidad de servicios de TI y usuarios, por esta raz\u00f3n se establece la necesidad de incrementar el personal de la UGIT para dar soporte a estas necesidades y principalmente para promover el desarrollo de aplicaciones dentro de la sede por lo que la Universidad Nacional asigna presupuesto para un nuevo puesto laboral, sin embargo para el a\u00f1o 2012 las carreras universitarias siguen creciendo y se comienza a evidenciar una necesidad en la gesti\u00f3n de redes de informaci\u00f3n y comunicaci\u00f3n que hasta este momento satisfac\u00eda las necesidades de forma b\u00e1sica, por este motivo la Universidad Estatal a Distancia (UNED), asigna presupuesto para un nuevo recurso de la UGIT encargado de las redes de informaci\u00f3n y comunicaci\u00f3n, as\u00ed en un gran proceso de evoluci\u00f3n en TICs en el periodo 2011-2018, se crean grandes avances en la Gesti\u00f3n de las TICs, pero se comienza a afectar la calidad del servicio de atenci\u00f3n al usuario por la limitante de personal, por esta raz\u00f3n y para promover a\u00fan m\u00e1s el interuniversidad en el 2018 el Tecnol\u00f3gico de Costa Rica (TEC) incorpora presupuesto para la contrataci\u00f3n de nuevo personal.<\/p>\n<p><\/p>\t\t\t\t\t\t\t\t<\/div>\n\t\t\t\t<\/div>\n\t\t\t\t\t<\/div>\n\t\t<\/div>\n\t\t\t\t\t<\/div>\n\t\t<\/section>\n\t\t\t\t<section class=\"elementor-section elementor-top-section elementor-element elementor-element-ef98440 elementor-section-boxed elementor-section-height-default elementor-section-height-default jltma-glass-effect-no\" data-id=\"ef98440\" data-element_type=\"section\" data-e-type=\"section\" data-settings=\"{&quot;_ha_eqh_enable&quot;:false}\">\n\t\t\t\t\t\t<div class=\"elementor-container elementor-column-gap-default\">\n\t\t\t\t\t<div class=\"elementor-column elementor-col-100 elementor-top-column elementor-element elementor-element-53486a8 jltma-glass-effect-no\" data-id=\"53486a8\" data-element_type=\"column\" data-e-type=\"column\">\n\t\t\t<div class=\"elementor-widget-wrap elementor-element-populated\">\n\t\t\t\t\t\t<div class=\"elementor-element elementor-element-aae85a5 jltma-glass-effect-no elementor-widget elementor-widget-image\" data-id=\"aae85a5\" data-element_type=\"widget\" data-e-type=\"widget\" data-widget_type=\"image.default\">\n\t\t\t\t<div class=\"elementor-widget-container\">\n\t\t\t\t\t\t\t\t\t\t\t\t\t\t\t<img decoding=\"async\" width=\"300\" height=\"300\" src=\"https:\/\/sada.services\/wp-content\/uploads\/2022\/06\/3937434-1-300x300.jpg\" class=\"attachment-medium size-medium wp-image-10981\" alt=\"\" srcset=\"https:\/\/sada.services\/wp-content\/uploads\/2022\/06\/3937434-1-300x300.jpg 300w, https:\/\/sada.services\/wp-content\/uploads\/2022\/06\/3937434-1-1024x1024.jpg 1024w, https:\/\/sada.services\/wp-content\/uploads\/2022\/06\/3937434-1-150x150.jpg 150w, https:\/\/sada.services\/wp-content\/uploads\/2022\/06\/3937434-1-768x768.jpg 768w, https:\/\/sada.services\/wp-content\/uploads\/2022\/06\/3937434-1-1536x1536.jpg 1536w, https:\/\/sada.services\/wp-content\/uploads\/2022\/06\/3937434-1.jpg 2000w\" sizes=\"(max-width: 300px) 100vw, 300px\" \/>\t\t\t\t\t\t\t\t\t\t\t\t\t\t\t<\/div>\n\t\t\t\t<\/div>\n\t\t\t\t\t<\/div>\n\t\t<\/div>\n\t\t\t\t\t<\/div>\n\t\t<\/section>\n\t\t\t\t<section class=\"elementor-section elementor-top-section elementor-element elementor-element-361cd35 elementor-section-boxed elementor-section-height-default elementor-section-height-default jltma-glass-effect-no\" data-id=\"361cd35\" data-element_type=\"section\" data-e-type=\"section\" data-settings=\"{&quot;_ha_eqh_enable&quot;:false}\">\n\t\t\t\t\t\t<div class=\"elementor-container elementor-column-gap-default\">\n\t\t\t\t\t<div class=\"elementor-column elementor-col-100 elementor-top-column elementor-element elementor-element-6f588f4 jltma-glass-effect-no\" data-id=\"6f588f4\" data-element_type=\"column\" data-e-type=\"column\">\n\t\t\t<div class=\"elementor-widget-wrap elementor-element-populated\">\n\t\t\t\t\t\t<div class=\"elementor-element elementor-element-868c15b jltma-glass-effect-no elementor-widget elementor-widget-text-editor\" data-id=\"868c15b\" data-element_type=\"widget\" data-e-type=\"widget\" data-widget_type=\"text-editor.default\">\n\t\t\t\t<div class=\"elementor-widget-container\">\n\t\t\t\t\t\t\t\t\t<p><\/p>\n<h2 class=\"has-primary-color wp-block-heading\"><span style=\"color: var(--heading-color, var(--heading-2-color, var(--headings-color))); font-family: var(--fontFamily); font-size: var(--fontSize); font-style: var(--fontStyle, inherit); font-weight: var(--fontWeight); letter-spacing: var(--letterSpacing); text-align: inherit; text-transform: var(--textTransform); background-color: var(--has-background, var(--palettecolor8));\">SECCI\u00d3N II: ACERCA, OBJETIVOS, FUNCIONES Y COMPETENCIAS<\/span><\/h2>\n<p><\/p>\n<p><\/p>\n<h3 class=\"has-dark-gray-color wp-block-heading\">DESCRIPCI\u00d3N<\/h3>\n<p><\/p>\n<p><\/p>\n<p class=\"justify\">La UGIT es la unidad administrativa encargada de brindar el soporte en el \u00e1rea de las TICs al personal administrativo, acad\u00e9mico y estudiantil en la SIUA. As\u00ed mismo, velar por el desarrollo e implementaci\u00f3n de aplicaciones inform\u00e1ticas, de la mano a la ideolog\u00eda del conocimiento compartido y mejora continua con el fin, de brindar una excelente calidad y accesibilidad a los servicios.<\/p>\n<p><\/p>\n<p><\/p>\n<h2 class=\"has-dark-gray-color wp-block-heading\">MISI\u00d3N<\/h2>\n<p><\/p>\n<p><\/p>\n<p class=\"justify\">Dise\u00f1ar, Planificar, Gestionar, Administrar y Asegurar las infraestructuras y servicios basados en Tecnolog\u00edas de la Informaci\u00f3n y las Comunicaciones (TIC) prestados a la comunidad universitaria en la Sede Interuniversitaria de Alajuela, en busca de ser un ente de cambio en los \u00e1mbitos de la docencia, investigaci\u00f3n y la gesti\u00f3n administrativa.<\/p>\n<p><\/p>\n<p><\/p>\n<h2 class=\"has-dark-gray-color wp-block-heading\">VISI\u00d3N<\/h2>\n<p><\/p>\n<p><\/p>\n<p class=\"justify\">Ser reconocida como el ente por excelencia en la administraci\u00f3n y la gesti\u00f3n de las Tecnolog\u00edas de Informaci\u00f3n y Comunicaci\u00f3n (TICs) enn Sede Interuniversitaria de Alajuela, a trav\u00e9s de la innovaci\u00f3n, fiabilidad y mejora continua en la infraestructura y servicios de TIC<span style=\"font-size: inherit; text-align: inherit; color: var( --e-global-color-text ); font-family: var( --e-global-typography-text-font-family ), Sans-serif; font-weight: var( --e-global-typography-text-font-weight ); background-color: var(--has-background, var(--palettecolor8)); font-style: var(--fontStyle, inherit); letter-spacing: var(--letterSpacing); text-transform: var(--textTransform);\">.<\/span><\/p>\n<p><\/p>\t\t\t\t\t\t\t\t<\/div>\n\t\t\t\t<\/div>\n\t\t\t\t\t<\/div>\n\t\t<\/div>\n\t\t\t\t\t<\/div>\n\t\t<\/section>\n\t\t\t\t<section class=\"elementor-section elementor-top-section elementor-element elementor-element-84d1326 elementor-section-boxed elementor-section-height-default elementor-section-height-default jltma-glass-effect-no\" data-id=\"84d1326\" data-element_type=\"section\" data-e-type=\"section\" data-settings=\"{&quot;_ha_eqh_enable&quot;:false}\">\n\t\t\t\t\t\t<div class=\"elementor-container elementor-column-gap-default\">\n\t\t\t\t\t<div class=\"elementor-column elementor-col-100 elementor-top-column elementor-element elementor-element-c6ca565 jltma-glass-effect-no\" data-id=\"c6ca565\" data-element_type=\"column\" data-e-type=\"column\">\n\t\t\t<div class=\"elementor-widget-wrap elementor-element-populated\">\n\t\t\t\t\t\t<div class=\"elementor-element elementor-element-61c01a4 jltma-glass-effect-no elementor-widget elementor-widget-image\" data-id=\"61c01a4\" data-element_type=\"widget\" data-e-type=\"widget\" data-widget_type=\"image.default\">\n\t\t\t\t<div class=\"elementor-widget-container\">\n\t\t\t\t\t\t\t\t\t\t\t\t\t\t\t<img decoding=\"async\" width=\"300\" height=\"300\" src=\"https:\/\/sada.services\/wp-content\/uploads\/2022\/06\/5124556-300x300.jpg\" class=\"attachment-medium size-medium wp-image-10986\" alt=\"\" srcset=\"https:\/\/sada.services\/wp-content\/uploads\/2022\/06\/5124556-300x300.jpg 300w, https:\/\/sada.services\/wp-content\/uploads\/2022\/06\/5124556-1024x1024.jpg 1024w, https:\/\/sada.services\/wp-content\/uploads\/2022\/06\/5124556-150x150.jpg 150w, https:\/\/sada.services\/wp-content\/uploads\/2022\/06\/5124556-768x768.jpg 768w, https:\/\/sada.services\/wp-content\/uploads\/2022\/06\/5124556-1536x1536.jpg 1536w, https:\/\/sada.services\/wp-content\/uploads\/2022\/06\/5124556.jpg 2000w\" sizes=\"(max-width: 300px) 100vw, 300px\" \/>\t\t\t\t\t\t\t\t\t\t\t\t\t\t\t<\/div>\n\t\t\t\t<\/div>\n\t\t\t\t\t<\/div>\n\t\t<\/div>\n\t\t\t\t\t<\/div>\n\t\t<\/section>\n\t\t\t\t<section class=\"elementor-section elementor-top-section elementor-element elementor-element-e8cf6ed elementor-section-boxed elementor-section-height-default elementor-section-height-default jltma-glass-effect-no\" data-id=\"e8cf6ed\" data-element_type=\"section\" data-e-type=\"section\" data-settings=\"{&quot;_ha_eqh_enable&quot;:false}\">\n\t\t\t\t\t\t<div class=\"elementor-container elementor-column-gap-default\">\n\t\t\t\t\t<div class=\"elementor-column elementor-col-100 elementor-top-column elementor-element elementor-element-66c3662 jltma-glass-effect-no\" data-id=\"66c3662\" data-element_type=\"column\" data-e-type=\"column\">\n\t\t\t<div class=\"elementor-widget-wrap elementor-element-populated\">\n\t\t\t\t\t\t<div class=\"elementor-element elementor-element-cf3c1e8 jltma-glass-effect-no elementor-widget elementor-widget-text-editor\" data-id=\"cf3c1e8\" data-element_type=\"widget\" data-e-type=\"widget\" data-widget_type=\"text-editor.default\">\n\t\t\t\t<div class=\"elementor-widget-container\">\n\t\t\t\t\t\t\t\t\t<p><\/p>\n<h2 class=\"has-primary-color wp-block-heading\"><span style=\"color: var(--heading-color, var(--heading-2-color, var(--headings-color))); font-family: var(--fontFamily); font-size: var(--fontSize); font-style: var(--fontStyle, inherit); font-weight: var(--fontWeight); letter-spacing: var(--letterSpacing); text-align: inherit; text-transform: var(--textTransform); background-color: var(--has-background, var(--palettecolor8));\">OBJETIVO GENERAL<\/span><\/h2>\n<p><\/p>\n<p><\/p>\n<p class=\"justify\">Innovar por medio del uso de las tecnolog\u00edas de informaci\u00f3n y comunicaci\u00f3n la gesti\u00f3n acad\u00e9mica y administrativa de la Sede Interuniversitaria de Alajuela.<\/p>\n<p><\/p>\n<p><\/p>\n<h2 class=\"has-dark-gray-color wp-block-heading\">OBJETIVOS ESPEC\u00cdFICOS<\/h2>\n<p><\/p>\n<p><\/p>\n<ul class=\"justify wp-block-list\">\n<li>Mejorar por medio de la aplicaci\u00f3n de las tecnolog\u00edas de informaci\u00f3n y comunicaci\u00f3n el servicio brindado a los usuarios de la Sede Interuniversitaria de Alajuela.<\/li>\n<li>Analizar, dise\u00f1ar, desarrollar e implementar y mantener la plataforma tecnol\u00f3gica de servicios de la Sede Interuniversitaria de Alajuela.<\/li>\n<li>Capacitar por medio de las tecnolog\u00edas de informaci\u00f3n y comunicaci\u00f3n en el aprovechamiento y buen uso del cat\u00e1logo de servicios de la Unidad de Gesti\u00f3n e Innovaci\u00f3n Tecnol\u00f3gica, en pro de incrementar el conocimiento inform\u00e1tico de los usuarios de la Sede Interuniversitaria de Alajuela.<\/li>\n<li>Utilizar la capacitaci\u00f3n e investigaci\u00f3n contin\u00faa como medio de mejora a los conocimientos de los miembros de la Unidad de Gesti\u00f3n e Innovaci\u00f3n Tecnol\u00f3gica de la Sede Interuniversitaria de Alajuela.<\/li>\n<li>Difundir por medio de herramientas tecnol\u00f3gicas los conocimientos adquiridos por la Unidad de Gesti\u00f3n e Innovaci\u00f3n Tecnol\u00f3gica a la comunidad universitaria y la sociedad civil.<\/li>\n<li>Formular directrices, normativas, lineamientos, manuales y otras herramientas para la gesti\u00f3n de las tecnolog\u00edas de informaci\u00f3n y comunicaci\u00f3n de la Sede Interuniversitaria de Alajuela.<\/li>\n<li>Garantizar la calidad y continuidad de los servicios brindados por la Unidad de Gesti\u00f3n e Innovaci\u00f3n Tecnol\u00f3gica de la Sede Interuniversitaria de Alajuela.<\/li>\n<li>Garantizar la seguridad, integridad y confidencialidad de la informaci\u00f3n administrada por la Unidad de Gesti\u00f3n e Innovaci\u00f3n Tecnol\u00f3gica de la Sede Interuniversitaria de Alajuela.<\/li>\n<li>Incentivar y promover la gesti\u00f3n de las tecnolog\u00edas de informaci\u00f3n y comunicaci\u00f3n a nivel interuniversitario.<\/li>\n<li>Incentivar y promover la gesti\u00f3n de las tecnolog\u00edas de informaci\u00f3n y comunicaci\u00f3n a nivel interuniversitario.<\/li>\n<\/ul>\n<p><\/p>\t\t\t\t\t\t\t\t<\/div>\n\t\t\t\t<\/div>\n\t\t\t\t\t<\/div>\n\t\t<\/div>\n\t\t\t\t\t<\/div>\n\t\t<\/section>\n\t\t\t\t<section class=\"elementor-section elementor-top-section elementor-element elementor-element-9e65cdf elementor-section-boxed elementor-section-height-default elementor-section-height-default jltma-glass-effect-no\" data-id=\"9e65cdf\" data-element_type=\"section\" data-e-type=\"section\" data-settings=\"{&quot;_ha_eqh_enable&quot;:false}\">\n\t\t\t\t\t\t<div class=\"elementor-container elementor-column-gap-default\">\n\t\t\t\t\t<div class=\"elementor-column elementor-col-100 elementor-top-column elementor-element elementor-element-b7c8b3f jltma-glass-effect-no\" data-id=\"b7c8b3f\" data-element_type=\"column\" data-e-type=\"column\">\n\t\t\t<div class=\"elementor-widget-wrap elementor-element-populated\">\n\t\t\t\t\t\t<div class=\"elementor-element elementor-element-438da0d jltma-glass-effect-no elementor-widget elementor-widget-image\" data-id=\"438da0d\" data-element_type=\"widget\" data-e-type=\"widget\" data-widget_type=\"image.default\">\n\t\t\t\t<div class=\"elementor-widget-container\">\n\t\t\t\t\t\t\t\t\t\t\t\t\t\t\t<img loading=\"lazy\" decoding=\"async\" width=\"300\" height=\"300\" src=\"https:\/\/sada.services\/wp-content\/uploads\/2022\/06\/4792249-300x300.jpg\" class=\"attachment-medium size-medium wp-image-10987\" alt=\"\" srcset=\"https:\/\/sada.services\/wp-content\/uploads\/2022\/06\/4792249-300x300.jpg 300w, https:\/\/sada.services\/wp-content\/uploads\/2022\/06\/4792249-1024x1024.jpg 1024w, https:\/\/sada.services\/wp-content\/uploads\/2022\/06\/4792249-150x150.jpg 150w, https:\/\/sada.services\/wp-content\/uploads\/2022\/06\/4792249-768x768.jpg 768w, https:\/\/sada.services\/wp-content\/uploads\/2022\/06\/4792249-1536x1536.jpg 1536w, https:\/\/sada.services\/wp-content\/uploads\/2022\/06\/4792249.jpg 2000w\" sizes=\"(max-width: 300px) 100vw, 300px\" \/>\t\t\t\t\t\t\t\t\t\t\t\t\t\t\t<\/div>\n\t\t\t\t<\/div>\n\t\t\t\t\t<\/div>\n\t\t<\/div>\n\t\t\t\t\t<\/div>\n\t\t<\/section>\n\t\t\t\t<section class=\"elementor-section elementor-top-section elementor-element elementor-element-de1ab75 elementor-section-boxed elementor-section-height-default elementor-section-height-default jltma-glass-effect-no\" data-id=\"de1ab75\" data-element_type=\"section\" data-e-type=\"section\" data-settings=\"{&quot;_ha_eqh_enable&quot;:false}\">\n\t\t\t\t\t\t<div class=\"elementor-container elementor-column-gap-default\">\n\t\t\t\t\t<div class=\"elementor-column elementor-col-100 elementor-top-column elementor-element elementor-element-c6cbf3f jltma-glass-effect-no\" data-id=\"c6cbf3f\" data-element_type=\"column\" data-e-type=\"column\">\n\t\t\t<div class=\"elementor-widget-wrap elementor-element-populated\">\n\t\t\t\t\t\t<div class=\"elementor-element elementor-element-ed1295e jltma-glass-effect-no elementor-widget elementor-widget-text-editor\" data-id=\"ed1295e\" data-element_type=\"widget\" data-e-type=\"widget\" data-widget_type=\"text-editor.default\">\n\t\t\t\t<div class=\"elementor-widget-container\">\n\t\t\t\t\t\t\t\t\t<p><\/p>\n<h2 class=\"has-primary-color wp-block-heading\"><span style=\"color: var(--heading-color, var(--heading-2-color, var(--headings-color))); font-family: var(--fontFamily); font-size: var(--fontSize); font-style: var(--fontStyle, inherit); font-weight: var(--fontWeight); letter-spacing: var(--letterSpacing); text-align: inherit; text-transform: var(--textTransform); background-color: var(--has-background, var(--palettecolor8));\">FUNCIONES<\/span><\/h2>\n<p><\/p>\n<p><\/p>\n<ul class=\"justify wp-block-list\">\n<li>Ser los encargados globales del suministro y uso de TICs en la SIUA.d<\/li>\n<li>Asegurar que los usuarios de la SIUA, cuentan con el equipo tecnol\u00f3gico m\u00e1s eficiente para realizar sus labores, por lo que se requiere un amplio conocimiento en diferentes sistemas TIC, as\u00ed como una constante capacitaci\u00f3n para poder asesorar a los altos directivos y hacer planes de cara al futuro.<\/li>\n<li>A la fecha de este documento (05\/11\/2018) se establece que la UGIT no se encuentra a cargo del presupuesto de TI para la SIUA, sino que se encuentra a cargo del personal administrativo asignado por CONARE, si se establece en un futuro por entes superiores que esta tarea ser\u00e1 asignada al departamento, se debe capacitar a los miembros de las UGIT en este tema.<\/li>\n<li>Ser los encargados del an\u00e1lisis, estudio, capacitaci\u00f3n y documentaci\u00f3n de la compra de nuevos sistemas o aplicaciones inform\u00e1ticas.<\/li>\n<li>Ser los encargados formar y asistir en el uso de las TICs a los usuarios de la SIUA ya sea de forma personal o a trav\u00e9s de contrataci\u00f3n de instructores externos a la SIUA.<\/li>\n<li>Encargados de establecer los niveles de calidad en los diferentes proyectos de TI y controlar que este se realice dentro del plazo el tiempo y presupuesto establecido.<\/li>\n<li>Ser los responsables de la exactitud y seguridad de los datos dentro de la SIUA, estableciendo el uso y la seguridad de la informaci\u00f3n contenida en las bases de datos bajo una estricta ley de protecci\u00f3n de datos<\/li>\n<li>Asegurar el derecho de consulta de la informaci\u00f3n personal de los usuarios que ha sido almacenada en nuestras bases de datos.<\/li>\n<li>Servir de asesoramiento y apoyo tecnol\u00f3gico a las actividades acad\u00e9micas, administrativas y estudiantiles en la SIUA.<\/li>\n<li>Realizar el mantenimiento preventivo y correctivo de los sistemas y equipo computacional y multimedia de la SIUA.<\/li>\n<li>Gestionar los procesos de bajas de los equipos tecnol\u00f3gicos pertenecientes a las diferentes universidades miembros.<\/li>\n<li>Generar reportes administrativos concernientes a las TICs para las tomas de decisiones.<\/li>\n<li>Ser los custodios y gestores de los equipos tecnol\u00f3gicos y mobiliario que encuentren almacenados en el centro de datos principal de la SIUA.<\/li>\n<li>Ser los encargados de establecer y divulgar las especificaciones t\u00e9cnicas y est\u00e1ndares del equipo tecnol\u00f3gico adquirido por la SIUA.<\/li>\n<li>Ser el ente oficial encargado del soporte t\u00e9cnico del equipo tecnol\u00f3gico perteneciente a la SIUA.<\/li>\n<li>Ser el ente oficial encargado de la infraestructura y gesti\u00f3n de la red de datos y comunicaciones de la SIUA.<\/li>\n<\/ul>\n<p><\/p>\t\t\t\t\t\t\t\t<\/div>\n\t\t\t\t<\/div>\n\t\t\t\t\t<\/div>\n\t\t<\/div>\n\t\t\t\t\t<\/div>\n\t\t<\/section>\n\t\t\t\t<\/div>\n\t\t","protected":false},"excerpt":{"rendered":"<p>SECCI\u00d3N I: ANTECEDENTES El 06 de marzo de 2007, conforme al acuerdo del Consejo Nacional de Rectores (de ahora en adelante mencionado como CONARE) No. 07-07, surge la SIUA en el contexto de la creaci\u00f3n del \u201cR\u00e9gimen de Sede Interuniversitarias de la Educaci\u00f3n Superior Universitaria Estatal de Costa Rica\u201d, as\u00ed en julio del 2009 la [&hellip;]<\/p>\n","protected":false},"author":1,"featured_media":0,"parent":0,"menu_order":0,"comment_status":"closed","ping_status":"closed","template":"elementor_header_footer","meta":{"footnotes":""},"class_list":["post-201","page","type-page","status-publish","hentry"],"blocksy_meta":{"styles_descriptor":{"styles":{"desktop":"","tablet":"","mobile":""},"google_fonts":[],"version":6}},"_links":{"self":[{"href":"https:\/\/sada.services\/index.php?rest_route=\/wp\/v2\/pages\/201","targetHints":{"allow":["GET"]}}],"collection":[{"href":"https:\/\/sada.services\/index.php?rest_route=\/wp\/v2\/pages"}],"about":[{"href":"https:\/\/sada.services\/index.php?rest_route=\/wp\/v2\/types\/page"}],"author":[{"embeddable":true,"href":"https:\/\/sada.services\/index.php?rest_route=\/wp\/v2\/users\/1"}],"replies":[{"embeddable":true,"href":"https:\/\/sada.services\/index.php?rest_route=%2Fwp%2Fv2%2Fcomments&post=201"}],"version-history":[{"count":26,"href":"https:\/\/sada.services\/index.php?rest_route=\/wp\/v2\/pages\/201\/revisions"}],"predecessor-version":[{"id":11025,"href":"https:\/\/sada.services\/index.php?rest_route=\/wp\/v2\/pages\/201\/revisions\/11025"}],"wp:attachment":[{"href":"https:\/\/sada.services\/index.php?rest_route=%2Fwp%2Fv2%2Fmedia&parent=201"}],"curies":[{"name":"wp","href":"https:\/\/api.w.org\/{rel}","templated":true}]}}